f 447?
False
Is 17607227 a multiple of 33?
False
Does 3418 divide 1738152431?
False
Is 7737195 a multiple of 729?
False
Is 227 a factor of 6237326964?
False
Is 549 a factor of 68489946?
True
Does 15 divide 791637449?
False
Is 3028 a factor of 10510188?
True
Is 178137174 a multiple of 11?
False
Is 24188881 a multiple of 19?
True
Does 30 divide 91405410?
True
Is 234 a factor of 10587096?
True
Is 1752008978 a multiple of 3442?
True
Is 14 a factor of 3891865712?
True
Does 116 divide 44234396?
True
Does 1165 divide 326828337?
False
Is 48 a factor of 2144928?
True
Is 730994243 a multiple of 13?
False
Is 3988717248 a multiple of 159?
True
Is 46351363 a multiple of 230?
False
Does 9 divide 99566190?
True
Does 189 divide 17956701?
True
Does 18 divide 22820922?
True
Is 661819447 a multiple of 1100?
False
Does 220 divide 19274891?
False
Is 126 a factor of 56746?
False
Is 239488788 a multiple of 1357?
True
Is 1809432 a multiple of 5?
False
Is 172 a factor of 2562469928?
False
Is 10 a factor of 131556940?
True
Does 10 divide 4447836?
False
Does 7981 divide 95317083?
True
Is 197733385 a multiple of 23?
False
Is 454 a factor of 27428864?
True
Is 448476796 a multiple of 4?
True
Does 16 divide 1232012559?
False
Is 143908190 a multiple of 15?
False
Is 6380900 a multiple of 401?
False
Does 6 divide 3157506304?
False
Is 8 a factor of 46395280?
True
Is 15652040 a multiple of 18?
False
Is 12437005 a multiple of 67?
False
Is 49 a factor of 1703753861?
False
Does 315 divide 1708285?
False
Does 268 divide 272725897?
False
Is 316153446 a multiple of 2234?
True
Does 9 divide 550458225?
True
Is 1228876424 a multiple of 527?
False
Is 1530854217 a multiple of 3152?
False
Is 1254 a factor of 1164201736?
False
Does 109 divide 9230883?
True
Is 1620 a factor of 19692720?
True
Is 524157415 a multiple of 745?
True
Is 71 a factor of 225470369?
True
Does 5780 divide 858340297?
False
Does 72 divide 33763550?
False
Is 15 a factor of 11973525?
True
Is 11126 a factor of 70961628?
True
Does 500 divide 266634000?
True
Does 9 divide 37823283?
True
Does 7 divide 13677328?
True
Is 11943 a factor of 1378843236?
True
Is 521 a factor of 99573469?
False
Is 3003 a factor of 47144097?
True
Does 38 divide 51049450?
False
Is 983313322 a multiple of 255?
False
Does 35 divide 36599578?
False
Is 101 a factor of 137220923?
True
Does 390 divide 213616260?
True
Is 84 a factor of 14497510?
False
Is 54362124 a multiple of 783?
True
Is 6 a factor of 289137332?
False
Is 7346088 a multiple of 4?
True
Is 921 a factor of 289878303?
True
Is 41 a factor of 1251557711?
False
Is 1271 a factor of 97700251?
False
Is 227701350 a multiple of 30?
True
Does 9 divide 38055421?
False
Is 242 a factor of 224243976?
True
Is 919487500 a multiple of 17?
True
Does 1902 divide 23527740?
True
Is 893549520 a multiple of 6030?
True
Is 85 a factor of 300944625?
True
Is 4870472 a multiple of 13?
False
Is 2343248928 a multiple of 19?
False
Is 6682 a factor of 615271878?
True
Is 5 a factor of 290545710?
True
Is 2236 a factor of 256374256?
False
Does 134 divide 26813867?
False
Is 60 a factor of 33557220?
True
Does 164 divide 35140568?
False
Does 498 divide 594276688?
False
Does 289 divide 2663671846?
False
Does 231 divide 65801505?
True
Is 71586648 a multiple of 63?
True
Is 2279829184 a multiple of 46?
True
Is 2 a factor of 1677377?
False
Does 81 divide 181390428?
True
Does 32 divide 17225280?
True
Does 141 divide 582860088?
False
Is 358 a factor of 15545076?
True
Is 699692467 a multiple of 16?
False
Does 388 divide 7287682?
False
Does 509 divide 2778995692?
False
Is 268109606 a multiple of 26?
False
Is 669 a factor of 125694396?
True
Is 7 a factor of 1057633766?
True
Is 31 a factor of 2766935804?
False
Is 46 a factor of 158409142?
True
Is 11 a factor of 105903336?
True
Does 53 divide 1891877724?
False
Is 6 a factor of 12945634?
False
Is 396330162 a multiple of 1128?
False
Is 25 a factor of 796293350?
True
Does 5505 divide 836900346?
False
Does 7 divide 1540261?
False
Is 52 a factor of 155610988?
True
Does 33 divide 3195441678?
True
Does 55 divide 82226842?
False
Does 137 divide 184266370?
True
Is 41654748 a multiple of 69?
True
Is 14 a factor of 151011126?
True
Is 7 a factor of 73804542?
True
Does 790 divide 8311989?
False
Is 10 a factor of 148072250?
True
Does 165 divide 362449102?
False
Is 274729706 a multiple of 2462?
False
Is 56017052 a multiple of 161?
True
Is 115236186 a multiple of 3?
True
Does 15 divide 138111165?
True
Does 3035 divide 45036902?
False
Is 1867 a factor of 207735489?
True
Is 63 a factor of 7048034?
False
Does 1358 divide 230563178?
False
Is 35350615 a multiple of 5?
True
Is 173 a factor of 127875026?
True
Is 705275766 a multiple of 10062?
True
Does 26 divide 1066104546?
True
Does 83 divide 4902237466?
True
Does 30 divide 8634366?
False
Is 215 a factor of 65207995?
True
Does 28 divide 1544480?
True
Does 13 divide 28798718?
True
Is 45 a factor of 64449315?
True
Is 12295195 a multiple of 8?
False
Is 241138472 a multiple of 148?
True
Is 201445020 a multiple of 87?
True
Is 92764961 a multiple of 2155?
False
Is 1058621082 a multiple of 1359?
False
Is 1881533133 a multiple of 11553?
True
Is 112 a factor of 2693371942?
False
Does 56 divide 169620986?
False
Is 40770598 a multiple of 2?
True
Is 11312163 a multiple of 171?
True
Is 72 a factor of 202616203?
False
Is 145576104 a multiple of 12?
True
Does 506 divide 1536968456?
False
Does 125 divide 2469374125?
True
Is 57752241 a multiple of 23?
True
Is 1388 a factor of 403352513?
False
Is 1838445535 a multiple of 415?
False
Is 14 a factor of 3779677748?
True
Is 1492 a factor of 37806338?
False
Does 124 divide 160010592?
True
Is 8222936920 a multiple of 220?
True
Is 46619864 a multiple of 376?
True
Is 5 a factor of 17732008?
False
Is 357593340 a multiple of 4187?
False
Is 32 a factor of 288090048?
True
Is 35542856 a multiple of 992?
False
Does 1038 divide 85124304?
True
Does 6 divide 704448?
True
Is 2520981094 a multiple of 329?
False
Is 354 a factor of 23206824?
True
Is 3528 a factor of 263019456?
True
Is 428933220 a multiple of 5230?
True
Does 19 divide 1476929698?
True
Is 80998715 even?
False
Is 357 a factor of 7145286?
False
Is 365498091 a multiple of 2883?
True
Is 7 a factor of 92262778?
False
Is 1293369132 a multiple of 132?
True
Does 2769 divide 575367741?
True
Is 15 a factor of 275248570?
False
Does 824 divide 71173780?
False
Does 726 divide 5437740?
True
Does 20 divide 10734949?
False
Is 295748484 a multiple of 2455?
False
Is 413990369 a multiple of 8?
False
Is 319913984 a multiple of 104?
True
Does 12 divide 1096630847?
False
Does 36 divide 97378776?
True
Is 300 a factor of 61555480?
False
Does 3 divide 8615962?
False
Is 101254784 a multiple of 1807?
False
Is 176229868 a multiple of 33?
False
Is 173704708 a multiple of 9130?
False
Is 33150080 a multiple of 1134?
False
Is 1173800 a multiple of 11?
False
Is 6 a factor of 63345335?
False
Is 135 a factor of 16977060?
True
Does 14 divide 297188533?
False
Is 131 a factor of 79133654?
False
Does 4903 divide 64153641?
False
Does 3974 divide 41662937?
False
Is 53 a factor of 7439822?
True
Does 1183 divide 13726349?
True
Is 4188 a factor of 441727062?
False
Is 19 a factor of 15148472?
True
Does 1294 divide 32016021?
False
Is 15 a factor of 1128947246?
False
Does 3660 divide 402142500?
True
Is 1949976 a multiple of 636?
True
Is 155629187 a multiple of 30?
False
Does 1493 divide 66194896?
False
Does 1055 divide 174911615?
True
Does 15 divide 31267470?
True
Is 4804998292 a multiple of 84?
False
Is 26 a factor of 127319374?
True
Does 23 divide 353499167?
True
Is 1144 a factor of 5474845?
False
Does 32 divide 322010720?
True
Does 162 divide 51823167?
False
Does 100 divide 32194300?
True
Is 568 a factor of 40830680?
True
Does 505 divide 27617398?
False
Is 1034 a factor of 18208232?
False
Does 7 divide 39057572?
False
Is 1506 a factor of 1217071025?
False
Does 332 divide 606717716?
True
Does 337 divide 137543449?
False
Does 300 divide 130437000?
True
Does 34 divide 3264419?
False
Does 32 divide 1908864?
True
Does 62 divide 375691554?
False
Is 4 a factor of 124178102?
False
Is 5062 a factor of 8534532?
True
Is 131 a factor of 238553358?
True
Is 228 a factor of 146568543?
False
Does 130 divide 161575414?
False
Does 1454 divide 579